factors of s/10 + 144/(-80) - -35?
3, 11
Suppose 134 = 19*z + 58. Suppose -3*d + 4*l + 4756 = 0, z*l - 723 = d - 2295. List the prime factors of d.
2, 199
Let i = -169 - -173. Suppose -4*j - i*t = -2496, 3126 = -0*j + 5*j + 2*t. List the prime factors of j.
2, 313
Let u be (-10356)/9*((-30)/12 - -1). Suppose -u = -13*r + 536. List the prime factors of r.
2, 3, 29
Let m(j) = -48*j - 2. Let b be m(-19). Let w = -597 + b. What are the prime factors of w?
313
Let m(q) = -34*q - 93. Let t be m(-10). Let c = t - -105. What are the prime factors of c?
2, 11
Let f be ((100/2)/(-1))/(-1). Suppose l = 4*z - f, -5*z + l + 68 = -3*l. Suppose 16*p - z*p = 548. List the prime factors of p.
137
Suppose -480*q + 567075 = -455*q. What are the prime factors of q?
3, 7561
Let y = -149026 + 209950. What are the prime factors of y?
2, 3, 5077
Suppose 141*h - 1942440 + 538536 = 45*h. What are the prime factors of h?
2, 457
Let q(w) = 2 + 48*w - 27*w - 41. List the prime factors of q(6).
3, 29
Let j be -6 - -138 - -2 - 2. What are the prime factors of ((-184)/16)/((-2)/j)?
3, 11, 23
Suppose 12*s + 103 = 31. What are the prime factors of -878*(-3)/6 + (s - -5)?
2, 3, 73
Let a(m) be the third derivative of -23*m**4/6 + m**3/6 - m**2 + 1. Let o be a(-1). Let f = 141 - o. What are the prime factors of f?
2, 3
Let y(h) = -h**2 + 14*h - 53. Let t be y(8). What are the prime factors of 23*(-56)/20*t?
2, 7, 23
Let d(p) = 14*p - 121. Let h be d(-12). Let x = h + 612. What are the prime factors of x?
17, 19
Let m(n) = -23*n + 14. Let y(j) = -24*j + 13. Let s(r) = 3*m(r) - 2*y(r). What are the prime factors of s(-26)?
2, 281
Let r = 75835 - 18942. List the prime factors of r.
56893
Let p(n) = 878*n**2 - 1243*n - 9. List the prime factors of p(-3).
2, 3, 13, 149
Let z(h) = h**2 - 35*h + 55. Let p be z(34). What are the prime factors of p/(-56) + 21895/40?
547
Let b = 22554 + -10529. What are the prime factors of b?
5, 13, 37
List the prime factors of 36188 - (1*-3)/((432/(-32))/(-9)).
2, 5, 7, 11, 47
Let k(b) = 6*b**2 - 88*b - 12. What are the prime factors of k(15)?
2, 3
Let r(s) = 5*s**3 + s**2 + 3*s + 6. Let t be r(-2). List the prime factors of 8*((-76)/(-10))/(t/(-45)).
2, 19
Let j be (2832/(-72))/((-4)/78). Let l = 2386 - j. What are the prime factors of l?
1619
Let u(v) = 18*v + 38. Let y(x) = -37*x - 75. Let z(r) = -5*u(r) - 2*y(r). List the prime factors of z(-14).
2, 23
Let c(b) = -b**3 - 8*b**2 + 2*b + 26. Let z be c(-8). Suppose 282 = z*w - 738. What are the prime factors of w?
2, 3, 17
Suppose 0 = -179*d + 189*d - 690. Suppose 10880 = -49*n + d*n. What are the prime factors of n?
2, 17
Suppose 0 = -4*k - 3*f + 140151, -2*k = -1491*f + 1488*f - 70107. What are the prime factors of k?
3, 11681
Suppose 217 - 72 = 5*m. Suppose 84 = 24*t + 12. Suppose -34 = -t*u + m. List the prime factors of u.
3, 7
Let f = 46680 - 30371. What are the prime factors of f?
47, 347
Let l = 23 - 22. Let h be (-2145)/33 - (-2*1 - l). Let n = 183 + h. What are the prime factors of n?
11
Let l be 2/(-8) + 182/56. Suppose 153 = -3*i + z, l*z + z + 138 = -3*i. List the prime factors of (-770)/i*(-15)/(-3).
7, 11
Suppose 17*k = 34763 - 2038. Suppose -3*j + k = 458. List the prime factors of j.
3, 163
What are the prime factors of (25 + -24)/(11/28787)?
2617
Suppose 614*c - 2*k = 611*c + 39665, -2*k = -4*c + 52888. What are the prime factors of c?
7, 1889
Let s(k) = -1057*k - 4. List the prime factors of s(-4).
2, 3, 11
Suppose 45*s + 324 = -486. Suppose -4*t + 44 - 4 = 2*j, -3*j + 12 = 2*t. List the prime factors of t*-1*6/s.
2
Suppose 0 = -h + 2466 + 381. Let q = 4425 - h. List the prime factors of q.
2, 3, 263
Let d be 84/96 + 1/8. Let j be -4 + d + (3 - 75). Let u = j - -129. List the prime factors of u.
2, 3
Let b(t) = 6*t**2 + 13*t + 113. Let o be b(-6). List the prime factors of -5 + o + -4 + -3.
239
Suppose 4*t - 2*t + 726 = 0. Let r = 711 + t. What are the prime factors of r?
2, 3, 29
Let a(q) = -q**2 - 27*q - 35. Let r be a(-25). Suppose -5*j + 2*m + 1904 = 404, -r = 3*m. List the prime factors of j.
2, 149
Suppose 6*x - 37 + 1 = 0. Let w(l) = 32*l**2 - 17*l - 11. List the prime factors of w(x).
1039
Suppose -20*n + 27 = -11*n. Let s(z) = z**2 - z. Let o(i) = -15*i**2 + 6. Let a(x) = -o(x) - 2*s(x). What are the prime factors of a(n)?
3, 13
Let d(h) = -38*h - 119. Let x(z) = 18*z + 59. Let k(m) = 2*d(m) + 5*x(m). What are the prime factors of k(17)?
5, 59
Let m be ((-1372)/6)/(-2 - 84/(-45)). Suppose -5*n + m = -0*n. List the prime factors of n.
7
Suppose -3*r = -3*t - 42651, 0 = -4*r - 62*t + 60*t + 56850. What are the prime factors of r?
2, 3, 23, 103
Suppose -2*s + 390 = 13*s. Suppose -144 = -s*p + 18*p. What are the prime factors of p?
2, 3
Let v = -39 - -41. Suppose -3*y + d - 4992 = 0, 0*y - 5*d = v*y + 3328. List the prime factors of (-1)/(y/(-556) - 3).
139
What are the prime factors of 18/((-630)/889)*-635?
127
Suppose 46149 - 5314661 = -512*s + 6687712. What are the prime factors of s?
2, 3, 7, 139
Suppose 4*g - 7508 = 5*r + 4219, -3*r = 2*g - 5869. Let n = -1763 + g. List the prime factors of n.
2, 3, 5, 13
Suppose -3*u - 2*u + 29 = 2*d, 0 = 5*u - 25. What are the prime factors of (998/d - -5) + -4?
2, 5
Let f(l) = 315*l**2 + 9*l - 2. Let w(h) = -h**3 - 4*h**2 + 7*h + 8. Let u be w(-5). List the prime factors of f(u).
2, 5, 31
Let w(g) be the third derivative of -g**4/2 - 10*g**3/3 - 3*g**2 + 11*g. List the prime factors of w(-5).
2, 5
List the prime factors of (2/(2/31))/(58/21344).
2, 23, 31
Suppose 78 = 4*c + 5*v, -5*c + 21 = 2*v - 68. List the prime factors of c/136 - (-1919)/8.
2, 3, 5
Let g = -758 - 2485. Let f = g - -4742. List the prime factors of f.
1499
Let y be 0 - (-3 + 4)*-4. Suppose 261 = y*z + 1. What are the prime factors of z?
5, 13
Suppose -7*s + 2*q + 79390 = 0, 28*s - 34016 = 25*s + 5*q. List the prime factors of s.
2, 53, 107
Let w(c) = -c**2 + 4*c - 3. Let d be w(2). Let l be (1/d)/(4/(-484)). Let f = l + 230. What are the prime factors of f?
109
Let i be (96/40 - (-3)/5)*12. What are the prime factors of i/(-24) + (-2556)/(-8)?
2, 3, 53
Let w = 42 - 42. Suppose -2*t + t - 12 = w. Let n(s) = -s**3 - 13*s**2 - 21*s + 6. What are the prime factors of n(t)?
2, 3, 19
Let q(g) = 178*g**3 + g**2 - 1. Let h be (-22)/(-55)*(-1 - -11). Suppose 0 = 2*l - 4 - 2, 0 = y + l - h. List the prime factors of q(y).
2, 89
Suppose 2*l - 4 - 6 = 4*b, 2*b + 4*l - 20 = 0. Let y(n) be the second derivative of -n**3/3 + 67*n**2/2 - 2*n. List the prime factors of y(b).
67
Suppose 13144 = -18*m - 17330. Let j = -908 - m. What are the prime factors of j?
5, 157
Suppose 2522035 = 353*g - 1266064 - 38421. List the prime factors of g.
2, 5, 271
Suppose -4*u + 194 = -950. Suppose 291*y = u*y + 4235. What are the prime factors of y?
7, 11
Let v = -2 - -20. Suppose v = 3*z - 3*p + 7*p, 0 = -z - 5*p + 17. Suppose -z*s + 82 = 4*l, -26 = 5*l - 11. List the prime factors of s.
47
Let z(h) = h**3 + 13*h**2 - 14*h + 10. Let i be z(-14). Suppose -3*q + v + 101 = 0, -v - 56 = -2*q + i. Suppose -q = d - 121. List the prime factors of d.
2, 43
Let f = -1365 + 2814. Suppose 0 = -12*t + 15*t - f. List the prime factors of t.
3, 7, 23
Let b(q) = q**3 + q**2 - q - 1. Let l(a) = -400*a**3 + 2*a**2 - 3*a + 3. Let k(z) = -b(z) - l(z). What are the prime factors of k(1)?
2, 199
Suppose -2*s + 184 + 3087 = 3*q, 5*s + 5485 = 5*q. List the prime factors of q.
1093
Suppose -5*j - 3*f = 2*f, -j + 5*f = 0. Suppose j = -g + 3*x + 1155, 3415 = 3*g + 9*x - 8*x. List the prime factors of g.
2, 3, 5, 19
Let f = -49 - -135. Let b be (-6)/(-8)*4 - -2. Let a = f + b. List the prime factors of a.
7, 13
Suppose q - 2*k + 80 = 6*q, 0 = 3*q - 5*k - 48. Let r(g) = 2*g**2 + 11*g - 33. Let w be r(q). Suppose 12*f - 17*f + w = 0. What are the prime factors of f?
131
Let u be 2 - 1/1 - -54*1. Let q = u + -43. What are the prime factors of q?
2, 3
Suppose 469 = 3*l + 2*q, 3*l - 3*q - 224 - 220 = 0. What are the prime factors of (l/18 - 5)*(29 + 1)?
3, 5, 7
Suppose -3*i + 23732 = -5*s + 3*s, -2*i = -5*s - 15825. Suppose -4*d - 2282 = -i. Suppose 0 = 2*w + 5*w - d. List the prime factors of w.
3, 67
Let i be (42/63)/(1/3). Suppose -2*q = -i*k + 4*k + 6, 9 = -k - 3*q. Suppose -40*b + 37*b + 627 = k. What are the prime factors 